 and 5547792.
6
What is the highest common factor of 1618 and 5065149?
809
What is the greatest common factor of 20660 and 14890?
10
What is the highest common divisor of 6 and 30367686?
6
Calculate the greatest common divisor of 83675219 and 18423.
2047
What is the greatest common factor of 4402485 and 30?
15
Calculate the greatest common divisor of 8 and 1975140.
4
Calculate the highest common divisor of 2160 and 28205.
5
What is the greatest common factor of 56 and 45727724?
28
Calculate the greatest common factor of 203490 and 308826.
2394
What is the highest common factor of 152690592 and 3148?
3148
Calculate the greatest common divisor of 60 and 12695748.
12
What is the greatest common divisor of 24 and 4025418744?
24
Calculate the greatest common factor of 3324 and 292.
4
Calculate the highest common divisor of 2860 and 214351852.
572
Calculate the highest common divisor of 334099090 and 32240.
4030
Calculate the greatest common factor of 506984 and 11.
1
What is the highest common divisor of 75783304 and 12?
4
Calculate the highest common factor of 9174415 and 50.
5
Calculate the highest common divisor of 56 and 112782824.
56
Calculate the greatest common divisor of 7863 and 192477.
3
What is the greatest common factor of 284373713 and 6526?
3263
What is the highest common divisor of 7780 and 46459826?
778
What is the highest common divisor of 25297 and 3239?
41
Calculate the greatest common factor of 11691 and 4556892.
1299
What is the highest common divisor of 148775 and 46526?
541
What is the highest common divisor of 645888 and 376?
8
Calculate the highest common divisor of 180 and 17976380.
20
What is the highest common factor of 40837979 and 182?
91
What is the highest common factor of 44 and 297124?
4
What is the highest common divisor of 1340 and 370130512?
268
Calculate the greatest common factor of 1436568 and 47208.
168
Calculate the highest common divisor of 557908 and 104.
52
Calculate the greatest common factor of 16042090 and 16650.
370
Calculate the greatest common factor of 101475 and 25215.
615
What is the greatest common factor of 16268 and 1357216?
2324
What is the highest common factor of 168 and 2652636?
84
Calculate the greatest common divisor of 2710080 and 258775.
4705
Calculate the greatest common divisor of 12 and 63027372.
12
Calculate the greatest common divisor of 157424865 and 585.
195
Calculate the greatest common factor of 36 and 253242588.
12
Calculate the greatest common divisor of 2052029 and 49.
7
Calculate the highest common factor of 6241556 and 276.
92
What is the highest common divisor of 808 and 3024705176?
808
What is the greatest common divisor of 15448684 and 333?
37
What is the highest common divisor of 268159 and 397315?
229
What is the highest common factor of 939 and 191099646?
939
What is the highest common divisor of 767949 and 78182?
1261
Calculate the greatest common divisor of 46557315 and 12.
3
What is the greatest common divisor of 52 and 33034014?
26
What is the greatest common factor of 36018942 and 361806?
7698
Calculate the greatest common factor of 11787721 and 2995.
599
Calculate the greatest common factor of 8 and 2386606.
2
Calculate the highest common factor of 1022 and 501802.
1022
What is the greatest common factor of 41399982 and 270?
18
What is the greatest common divisor of 35217688 and 550?
22
Calculate the highest common divisor of 116410 and 29078.
14
Calculate the greatest common divisor of 161010814 and 1128.
94
What is the greatest common factor of 1871853 and 45951?
867
What is the greatest common divisor of 615296 and 8579?
23
Calculate the highest common divisor of 27999 and 3141073.
1037
What is the greatest common divisor of 29492 and 9494?
202
Calculate the highest common divisor of 20137 and 2115934.
1549
What is the greatest common factor of 5827545 and 27135?
405
What is the highest common divisor of 50 and 1797869875?
25
Calculate the greatest common divisor of 347 and 25383.
1
What is the highest common divisor of 903 and 249816?
21
What is the greatest common divisor of 8030 and 10366?
146
Calculate the highest common divisor of 711522 and 23499.
63
What is the highest common factor of 109286 and 3286?
106
Calculate the highest common factor of 1428 and 642824.
28
What is the highest common factor of 611 and 1648543?
13
What is the greatest common factor of 13490750 and 18976?
1186
Calculate the greatest common factor of 14296685 and 1387.
73
Calculate the highest common factor of 327355625 and 50.
25
Calculate the greatest common divisor of 2703868 and 17876.
164
What is the greatest common factor of 6 and 103318662?
6
Calculate the highest common divisor of 116 and 15096356.
116
Calculate the greatest common factor of 3936 and 1583625.
123
Calculate the greatest common factor of 583 and 68168441.
583
What is the greatest common factor of 249207 and 12936?
21
What is the greatest common factor of 62882 and 596758?
46
Calculate the highest common divisor of 7318051 and 82069.
1391
What is the greatest common factor of 15131508 and 1218?
42
What is the greatest common factor of 88 and 20870088?
8
Calculate the highest common factor of 9780785 and 35.
35
Calculate the highest common factor of 98118 and 163944.
1242
What is the greatest common divisor of 100 and 1811520?
20
Calculate the greatest common factor of 3 and 155810424.
3
What is the highest common divisor of 2610776 and 3864?
1288
Calculate the highest common divisor of 1916808 and 92.
4
Calculate the greatest common factor of 5758 and 401.
1
Calculate the highest common divisor of 1096050 and 32070.
30
Calculate the greatest common divisor of 89 and 446186370.
89
What is the greatest common factor of 2012315 and 5080?
635
What is the highest common factor of 1333238462 and 166?
166
What is the highest common divisor of 252 and 8505924?
84
Calculate the greatest common factor of 1782178 and 2236.
86
What is the greatest common divisor of 32 and 2405488?
16
Calculate the greatest common factor of 17489936 and 368.
368
What is the highest common divisor of 9 and 394743819?
3
Calculate the highest common divisor of 350 and 85517320.
70
Calculate the greatest common factor of 2384 and 24893132.
596
What is the highest common divisor of 288312 and 190486?
82
Calculate the highest common divisor of 23938977 and 18613.
2659
What is the highest common divisor of 796 and 14300737?
199
Calculate the greatest common divisor of 1711339 and 34237.
511
Calculate the highest common divisor of 154759140 and 120.
60
What is the highest common divisor of 3126 and 8954948?
1042
Calculate the highest common divisor of 7450757 and 62.
31
Calculate the greatest common factor of 340060 and 342020.
980
Calculate the greatest common divisor of 6975189 and 117.
117
What is the highest common divisor of 38106 and 3488013?
657
Calculate the greatest common divisor of 2688 and 351304128.
1344
Calculate the greatest common divisor of 20928076 and 164.
4
What is the greatest common divisor of 344 and 3476980?
172
Calculate the highest common factor of 163080 and 44328.
24
Calculate the highest common factor of 442 and 3292832.
34
Calculate the highest common divisor of 22676789 and 4429.
103
Calculate the highest common divisor of 53618 and 442.
34
Calculate the highest common divisor of 6680 and 2883255.
835
Calculate the highest common divisor of 2324 and 58764.
332
Calculate the highest common divisor of 882954 and 1537326.
4482
Calculate the highest common divisor of 5237951 and 1748.
23
Calculate the greatest common factor of 71936 and 36608.
256
Calculate the greatest common divisor of 4771 and 8265574.
367
Calculate the highest common divisor of 28104868 and 5420.
1084
Calculate the greatest common divisor of 2281829 and 1123793.
3113
Calculate the highest common divisor of 113632 and 1603176.
536
Calculate the greatest common divisor of 390696 and 38802.
1338
What is the greatest common factor of 3 and 859511?
1
Calculate the greatest common divisor of 3666 and 429970476.
3666
What is the highest common factor of 4044732 and 60?
12
Calculate the highest common factor of 247 and 18141637.
19
Calculate the highest common divisor of 10 and 174828730.
10
What is the greatest common factor of 518308 and 362608?
69